{"id":2,"date":"2014-09-23T06:50:02","date_gmt":"2014-09-23T06:50:02","guid":{"rendered":"http:\/\/slektsgransker.no\/wp\/?page_id=2"},"modified":"2015-05-26T10:05:26","modified_gmt":"2015-05-26T10:05:26","slug":"sample-page","status":"publish","type":"page","link":"http:\/\/slektsgransker.no\/?page_id=2","title":{"rendered":"Om meg"},"content":{"rendered":"<p><a href=\"http:\/\/slektsgransker.no\/?page_id=2\"><img loading=\"lazy\" decoding=\"async\" class=\"  wp-image-199 alignleft\" src=\"http:\/\/slektsgransker.no\/wp\/wp-content\/uploads\/2015\/05\/sletksgransker-bilde5.jpg\" alt=\"sletksgransker-bilde5\" width=\"289\" height=\"391\" srcset=\"http:\/\/slektsgransker.no\/wp\/wp-content\/uploads\/2015\/05\/sletksgransker-bilde5.jpg 500w, http:\/\/slektsgransker.no\/wp\/wp-content\/uploads\/2015\/05\/sletksgransker-bilde5-222x300.jpg 222w\" sizes=\"auto, (max-width: 289px) 100vw, 289px\" \/><\/a><\/p>\n<p><strong>\u00d8ystein V\u00e6ringsaasen<\/strong> &#8211; med slekt fra S\u00f8r-\u00d8sterdalen, Hedmarken, Odalen, Sol\u00f8r &#8211; og Minnesota. Bakgrunn fra slektsgranskerstudiet i Volda, og ubegripelig mange timer med leting etter slekt &#8211; i felten, i samtale, bak PCen, i b\u00f8ker og arkiv.<\/p>\n<p>&nbsp;<\/p>\n<p>&nbsp;<\/p>\n<p>&nbsp;<\/p>\n<p>&nbsp;<\/p>\n<p>&nbsp;<\/p>\n<p>&nbsp;<\/p>\n<p>&nbsp;<\/p>\n<p>&nbsp;<\/p>\n<p>&nbsp;<\/p>\n<p>&nbsp;<\/p>\n<p>For sp\u00f8rsm\u00e5l eller lignende, send meg en beskjed:<\/p>\n\n<div class=\"wpcf7 no-js\" id=\"wpcf7-f92-o1\" lang=\"nb-NO\" dir=\"ltr\" data-wpcf7-id=\"92\">\n<div class=\"screen-reader-response\"><p role=\"status\" aria-live=\"polite\" aria-atomic=\"true\"><\/p> <ul><\/ul><\/div>\n<form action=\"\/index.php?rest_route=%2Fwp%2Fv2%2Fpages%2F2#wpcf7-f92-o1\" method=\"post\" class=\"wpcf7-form init\" aria-label=\"Kontaktskjema\" novalidate=\"novalidate\" data-status=\"init\">\n<fieldset class=\"hidden-fields-container\"><input type=\"hidden\" name=\"_wpcf7\" value=\"92\" \/><input type=\"hidden\" name=\"_wpcf7_version\" value=\"6.1.1\" \/><input type=\"hidden\" name=\"_wpcf7_locale\" value=\"nb_NO\" \/><input type=\"hidden\" name=\"_wpcf7_unit_tag\" value=\"wpcf7-f92-o1\" \/><input type=\"hidden\" name=\"_wpcf7_container_post\" value=\"0\" \/><input type=\"hidden\" name=\"_wpcf7_posted_data_hash\" value=\"\" \/><input type=\"hidden\" name=\"_wpcf7_recaptcha_response\" value=\"\" \/>\n<\/fieldset>\n<p>Ditt navn (obligatorisk)\n<\/p>\n<p><span class=\"wpcf7-form-control-wrap\" data-name=\"your-name\"><input size=\"40\" maxlength=\"400\" class=\"wpcf7-form-control wpcf7-text wpcf7-validates-as-required\" aria-required=\"true\" aria-invalid=\"false\" value=\"\" type=\"text\" name=\"your-name\" \/><\/span>\n<\/p>\n<p>E-post (obligatorisk)\n<\/p>\n<p><span class=\"wpcf7-form-control-wrap\" data-name=\"your-email\"><input size=\"40\" maxlength=\"400\" class=\"wpcf7-form-control wpcf7-email wpcf7-validates-as-required wpcf7-text wpcf7-validates-as-email\" aria-required=\"true\" aria-invalid=\"false\" value=\"\" type=\"email\" name=\"your-email\" \/><\/span>\n<\/p>\n<p>Emne\n<\/p>\n<p><span class=\"wpcf7-form-control-wrap\" data-name=\"your-subject\"><input size=\"40\" maxlength=\"400\" class=\"wpcf7-form-control wpcf7-text\" aria-invalid=\"false\" value=\"\" type=\"text\" name=\"your-subject\" \/><\/span>\n<\/p>\n<p>Melding\n<\/p>\n<p><span class=\"wpcf7-form-control-wrap\" data-name=\"your-message\"><textarea cols=\"40\" rows=\"10\" maxlength=\"2000\" class=\"wpcf7-form-control wpcf7-textarea\" aria-invalid=\"false\" name=\"your-message\"><\/textarea><\/span>\n<\/p>\n<p><input class=\"wpcf7-form-control wpcf7-submit has-spinner\" type=\"submit\" value=\"Send\" \/>\n<\/p><p style=\"display: none !important;\" class=\"akismet-fields-container\" data-prefix=\"_wpcf7_ak_\"><label>&#916;<textarea name=\"_wpcf7_ak_hp_textarea\" cols=\"45\" rows=\"8\" maxlength=\"100\"><\/textarea><\/label><input type=\"hidden\" id=\"ak_js_1\" name=\"_wpcf7_ak_js\" value=\"92\"\/><script>document.getElementById( \"ak_js_1\" ).setAttribute( \"value\", ( new Date() ).getTime() );<\/script><\/p><div class=\"wpcf7-response-output\" aria-hidden=\"true\"><\/div>\n<\/form>\n<\/div>\n\n","protected":false},"excerpt":{"rendered":"<p>\u00d8ystein V\u00e6ringsaasen &#8211; med slekt fra S\u00f8r-\u00d8sterdalen, Hedmarken, Odalen, Sol\u00f8r &#8211; og Minnesota. Bakgrunn fra slektsgranskerstudiet i Volda, og ubegripelig mange timer med leting etter slekt &#8211; i felten, i samtale, bak PCen, i b\u00f8ker og arkiv. &nbsp; &nbsp; &nbsp; &nbsp; &nbsp; &nbsp; &nbsp; &nbsp; &nbsp; &nbsp; For sp\u00f8rsm\u00e5l eller lignende, send meg en beskjed:<\/p>\n","protected":false},"author":1,"featured_media":0,"parent":0,"menu_order":0,"comment_status":"closed","ping_status":"closed","template":"","meta":{"footnotes":""},"class_list":["post-2","page","type-page","status-publish","hentry"],"yoast_head":"<!-- This site is optimized with the Yoast SEO plugin v25.6 - https:\/\/yoast.com\/wordpress\/plugins\/seo\/ -->\n<title>Om meg - Slektshistorisk s\u00f8kelys<\/title>\n<meta name=\"robots\" content=\"index, follow, max-snippet:-1, max-image-preview:large, max-video-preview:-1\" \/>\n<link rel=\"canonical\" href=\"http:\/\/slektsgransker.no\/?page_id=2\" \/>\n<meta property=\"og:locale\" content=\"nb_NO\" \/>\n<meta property=\"og:type\" content=\"article\" \/>\n<meta property=\"og:title\" content=\"Om meg - Slektshistorisk s\u00f8kelys\" \/>\n<meta property=\"og:description\" content=\"\u00d8ystein V\u00e6ringsaasen &#8211; med slekt fra S\u00f8r-\u00d8sterdalen, Hedmarken, Odalen, Sol\u00f8r &#8211; og Minnesota. Bakgrunn fra slektsgranskerstudiet i Volda, og ubegripelig mange timer med leting etter slekt &#8211; i felten, i samtale, bak PCen, i b\u00f8ker og arkiv. &nbsp; &nbsp; &nbsp; &nbsp; &nbsp; &nbsp; &nbsp; &nbsp; &nbsp; &nbsp; For sp\u00f8rsm\u00e5l eller lignende, send meg en beskjed:\" \/>\n<meta property=\"og:url\" content=\"http:\/\/slektsgransker.no\/?page_id=2\" \/>\n<meta property=\"og:site_name\" content=\"Slektshistorisk s\u00f8kelys\" \/>\n<meta property=\"article:modified_time\" content=\"2015-05-26T10:05:26+00:00\" \/>\n<meta property=\"og:image\" content=\"http:\/\/slektsgransker.no\/wp\/wp-content\/uploads\/2015\/05\/sletksgransker-bilde5.jpg\" \/>\n<meta name=\"twitter:card\" content=\"summary_large_image\" \/>\n<script type=\"application\/ld+json\" class=\"yoast-schema-graph\">{\"@context\":\"https:\/\/schema.org\",\"@graph\":[{\"@type\":\"WebPage\",\"@id\":\"http:\/\/slektsgransker.no\/?page_id=2\",\"url\":\"http:\/\/slektsgransker.no\/?page_id=2\",\"name\":\"Om meg - Slektshistorisk s\u00f8kelys\",\"isPartOf\":{\"@id\":\"https:\/\/slektsgransker.no\/#website\"},\"primaryImageOfPage\":{\"@id\":\"http:\/\/slektsgransker.no\/?page_id=2#primaryimage\"},\"image\":{\"@id\":\"http:\/\/slektsgransker.no\/?page_id=2#primaryimage\"},\"thumbnailUrl\":\"http:\/\/slektsgransker.no\/wp\/wp-content\/uploads\/2015\/05\/sletksgransker-bilde5.jpg\",\"datePublished\":\"2014-09-23T06:50:02+00:00\",\"dateModified\":\"2015-05-26T10:05:26+00:00\",\"breadcrumb\":{\"@id\":\"http:\/\/slektsgransker.no\/?page_id=2#breadcrumb\"},\"inLanguage\":\"nb-NO\",\"potentialAction\":[{\"@type\":\"ReadAction\",\"target\":[\"http:\/\/slektsgransker.no\/?page_id=2\"]}]},{\"@type\":\"ImageObject\",\"inLanguage\":\"nb-NO\",\"@id\":\"http:\/\/slektsgransker.no\/?page_id=2#primaryimage\",\"url\":\"http:\/\/slektsgransker.no\/wp\/wp-content\/uploads\/2015\/05\/sletksgransker-bilde5.jpg\",\"contentUrl\":\"http:\/\/slektsgransker.no\/wp\/wp-content\/uploads\/2015\/05\/sletksgransker-bilde5.jpg\",\"width\":500,\"height\":677},{\"@type\":\"BreadcrumbList\",\"@id\":\"http:\/\/slektsgransker.no\/?page_id=2#breadcrumb\",\"itemListElement\":[{\"@type\":\"ListItem\",\"position\":1,\"name\":\"Hjem\",\"item\":\"https:\/\/slektsgransker.no\/\"},{\"@type\":\"ListItem\",\"position\":2,\"name\":\"Om meg\"}]},{\"@type\":\"WebSite\",\"@id\":\"https:\/\/slektsgransker.no\/#website\",\"url\":\"https:\/\/slektsgransker.no\/\",\"name\":\"Slektshistorisk s\u00f8kelys\",\"description\":\"genealogiske glimt fra nett og arkiv\",\"potentialAction\":[{\"@type\":\"SearchAction\",\"target\":{\"@type\":\"EntryPoint\",\"urlTemplate\":\"https:\/\/slektsgransker.no\/?s={search_term_string}\"},\"query-input\":{\"@type\":\"PropertyValueSpecification\",\"valueRequired\":true,\"valueName\":\"search_term_string\"}}],\"inLanguage\":\"nb-NO\"}]}<\/script>\n<!-- \/ Yoast SEO plugin. -->","yoast_head_json":{"title":"Om meg - Slektshistorisk s\u00f8kelys","robots":{"index":"index","follow":"follow","max-snippet":"max-snippet:-1","max-image-preview":"max-image-preview:large","max-video-preview":"max-video-preview:-1"},"canonical":"http:\/\/slektsgransker.no\/?page_id=2","og_locale":"nb_NO","og_type":"article","og_title":"Om meg - Slektshistorisk s\u00f8kelys","og_description":"\u00d8ystein V\u00e6ringsaasen &#8211; med slekt fra S\u00f8r-\u00d8sterdalen, Hedmarken, Odalen, Sol\u00f8r &#8211; og Minnesota. Bakgrunn fra slektsgranskerstudiet i Volda, og ubegripelig mange timer med leting etter slekt &#8211; i felten, i samtale, bak PCen, i b\u00f8ker og arkiv. &nbsp; &nbsp; &nbsp; &nbsp; &nbsp; &nbsp; &nbsp; &nbsp; &nbsp; &nbsp; For sp\u00f8rsm\u00e5l eller lignende, send meg en beskjed:","og_url":"http:\/\/slektsgransker.no\/?page_id=2","og_site_name":"Slektshistorisk s\u00f8kelys","article_modified_time":"2015-05-26T10:05:26+00:00","og_image":[{"url":"http:\/\/slektsgransker.no\/wp\/wp-content\/uploads\/2015\/05\/sletksgransker-bilde5.jpg","type":"","width":"","height":""}],"twitter_card":"summary_large_image","schema":{"@context":"https:\/\/schema.org","@graph":[{"@type":"WebPage","@id":"http:\/\/slektsgransker.no\/?page_id=2","url":"http:\/\/slektsgransker.no\/?page_id=2","name":"Om meg - Slektshistorisk s\u00f8kelys","isPartOf":{"@id":"https:\/\/slektsgransker.no\/#website"},"primaryImageOfPage":{"@id":"http:\/\/slektsgransker.no\/?page_id=2#primaryimage"},"image":{"@id":"http:\/\/slektsgransker.no\/?page_id=2#primaryimage"},"thumbnailUrl":"http:\/\/slektsgransker.no\/wp\/wp-content\/uploads\/2015\/05\/sletksgransker-bilde5.jpg","datePublished":"2014-09-23T06:50:02+00:00","dateModified":"2015-05-26T10:05:26+00:00","breadcrumb":{"@id":"http:\/\/slektsgransker.no\/?page_id=2#breadcrumb"},"inLanguage":"nb-NO","potentialAction":[{"@type":"ReadAction","target":["http:\/\/slektsgransker.no\/?page_id=2"]}]},{"@type":"ImageObject","inLanguage":"nb-NO","@id":"http:\/\/slektsgransker.no\/?page_id=2#primaryimage","url":"http:\/\/slektsgransker.no\/wp\/wp-content\/uploads\/2015\/05\/sletksgransker-bilde5.jpg","contentUrl":"http:\/\/slektsgransker.no\/wp\/wp-content\/uploads\/2015\/05\/sletksgransker-bilde5.jpg","width":500,"height":677},{"@type":"BreadcrumbList","@id":"http:\/\/slektsgransker.no\/?page_id=2#breadcrumb","itemListElement":[{"@type":"ListItem","position":1,"name":"Hjem","item":"https:\/\/slektsgransker.no\/"},{"@type":"ListItem","position":2,"name":"Om meg"}]},{"@type":"WebSite","@id":"https:\/\/slektsgransker.no\/#website","url":"https:\/\/slektsgransker.no\/","name":"Slektshistorisk s\u00f8kelys","description":"genealogiske glimt fra nett og arkiv","potentialAction":[{"@type":"SearchAction","target":{"@type":"EntryPoint","urlTemplate":"https:\/\/slektsgransker.no\/?s={search_term_string}"},"query-input":{"@type":"PropertyValueSpecification","valueRequired":true,"valueName":"search_term_string"}}],"inLanguage":"nb-NO"}]}},"_links":{"self":[{"href":"http:\/\/slektsgransker.no\/index.php?rest_route=\/wp\/v2\/pages\/2","targetHints":{"allow":["GET"]}}],"collection":[{"href":"http:\/\/slektsgransker.no\/index.php?rest_route=\/wp\/v2\/pages"}],"about":[{"href":"http:\/\/slektsgransker.no\/index.php?rest_route=\/wp\/v2\/types\/page"}],"author":[{"embeddable":true,"href":"http:\/\/slektsgransker.no\/index.php?rest_route=\/wp\/v2\/users\/1"}],"replies":[{"embeddable":true,"href":"http:\/\/slektsgransker.no\/index.php?rest_route=%2Fwp%2Fv2%2Fcomments&post=2"}],"version-history":[{"count":0,"href":"http:\/\/slektsgransker.no\/index.php?rest_route=\/wp\/v2\/pages\/2\/revisions"}],"wp:attachment":[{"href":"http:\/\/slektsgransker.no\/index.php?rest_route=%2Fwp%2Fv2%2Fmedia&parent=2"}],"curies":[{"name":"wp","href":"https:\/\/api.w.org\/{rel}","templated":true}]}}